{"id":436,"date":"2021-03-04T19:39:17","date_gmt":"2021-03-04T18:39:17","guid":{"rendered":"http:\/\/www.mastbecrazy.de\/?page_id=436"},"modified":"2023-03-29T03:24:00","modified_gmt":"2023-03-29T01:24:00","slug":"ueber-uns","status":"publish","type":"page","link":"https:\/\/mastbecrazy.de\/?page_id=436","title":{"rendered":"\u00dcber uns"},"content":{"rendered":"\n<p>Mitten in der Corona-Krise beschlossen wir, unsere Wohnung zu k\u00fcndigen und unseren gesamten Haushalt aufzul\u00f6sen. Der Plan, nur mit Handgep\u00e4ck und unseren beiden Kindern die Welt zu entdecken hatten wir schon l\u00e4nger und wir waren nicht bereit ihn unter den Umst\u00e4nden aufzugeben.<br>Seit Oktober 2020 sind wir nun mit unseren T\u00f6chtern &#8211; 71 Monate und 8 Jahre alt &#8211; unterwegs. In Sizilien fing unsere Reise an, aktuell sind wir auf Teneriffa, unserem zweiten Ziel.<\/p>\n\n\n\n<p>Schreibt uns gerne unter <strong><em>info@mastbecrazy.de<\/em><\/strong> wenn ihr Fragen oder Hinweise habt, oder zuf\u00e4llig in der gleichen Gegend unterwegs seid!<\/p>\n\n\n\n<p>Mirjam und Dominik Mast<\/p>\n\n\n\n<p><\/p>\n","protected":false},"excerpt":{"rendered":"<p>Mitten in der Corona-Krise beschlossen wir, unsere Wohnung zu k\u00fcndigen und unseren gesamten Haushalt aufzul\u00f6sen. Der Plan, nur mit Handgep\u00e4ck und unseren beiden Kindern die Welt zu entdecken hatten wir schon l\u00e4nger und wir waren nicht bereit ihn unter den Umst\u00e4nden aufzugeben.Seit Oktober 2020 sind wir nun mit unseren T\u00f6chtern &#8211; Monate und Jahre alt&hellip; <br \/> <a class=\"read-more\" href=\"https:\/\/mastbecrazy.de\/?page_id=436\">Weiterlesen<\/a><\/p>\n","protected":false},"author":2,"featured_media":0,"parent":0,"menu_order":0,"comment_status":"closed","ping_status":"closed","template":"","meta":{"footnotes":""},"yoast_head":"<!-- This site is optimized with the Yoast SEO plugin v20.1 - https:\/\/yoast.com\/wordpress\/plugins\/seo\/ -->\n<title>\u00dcber uns - Mast be crazy<\/title>\n<meta name=\"robots\" content=\"noindex, nofollow\" \/>\n<meta property=\"og:locale\" content=\"de_DE\" \/>\n<meta property=\"og:type\" content=\"article\" \/>\n<meta property=\"og:title\" content=\"\u00dcber uns - Mast be crazy\" \/>\n<meta property=\"og:description\" content=\"Mitten in der Corona-Krise beschlossen wir, unsere Wohnung zu k\u00fcndigen und unseren gesamten Haushalt aufzul\u00f6sen. Der Plan, nur mit Handgep\u00e4ck und unseren beiden Kindern die Welt zu entdecken hatten wir schon l\u00e4nger und wir waren nicht bereit ihn unter den Umst\u00e4nden aufzugeben.Seit Oktober 2020 sind wir nun mit unseren T\u00f6chtern &#8211; Monate und Jahre alt&hellip; Weiterlesen\" \/>\n<meta property=\"og:url\" content=\"https:\/\/mastbecrazy.de\/?page_id=436\" \/>\n<meta property=\"og:site_name\" content=\"Mast be crazy\" \/>\n<meta property=\"article:modified_time\" content=\"2023-03-29T01:24:00+00:00\" \/>\n<meta name=\"twitter:card\" content=\"summary_large_image\" \/>\n<meta name=\"twitter:label1\" content=\"Gesch\u00e4tzte Lesezeit\" \/>\n\t<meta name=\"twitter:data1\" content=\"1\u00a0Minute\" \/>\n<script type=\"application\/ld+json\" class=\"yoast-schema-graph\">{\"@context\":\"https:\/\/schema.org\",\"@graph\":[{\"@type\":\"WebPage\",\"@id\":\"https:\/\/mastbecrazy.de\/?page_id=436\",\"url\":\"https:\/\/mastbecrazy.de\/?page_id=436\",\"name\":\"\u00dcber uns - Mast be crazy\",\"isPartOf\":{\"@id\":\"https:\/\/mastbecrazy.de\/#website\"},\"datePublished\":\"2021-03-04T18:39:17+00:00\",\"dateModified\":\"2023-03-29T01:24:00+00:00\",\"breadcrumb\":{\"@id\":\"https:\/\/mastbecrazy.de\/?page_id=436#breadcrumb\"},\"inLanguage\":\"de\",\"potentialAction\":[{\"@type\":\"ReadAction\",\"target\":[\"https:\/\/mastbecrazy.de\/?page_id=436\"]}]},{\"@type\":\"BreadcrumbList\",\"@id\":\"https:\/\/mastbecrazy.de\/?page_id=436#breadcrumb\",\"itemListElement\":[{\"@type\":\"ListItem\",\"position\":1,\"name\":\"Startseite\",\"item\":\"https:\/\/mastbecrazy.de\/\"},{\"@type\":\"ListItem\",\"position\":2,\"name\":\"\u00dcber uns\"}]},{\"@type\":\"WebSite\",\"@id\":\"https:\/\/mastbecrazy.de\/#website\",\"url\":\"https:\/\/mastbecrazy.de\/\",\"name\":\"Mast be crazy\",\"description\":\"\",\"potentialAction\":[{\"@type\":\"SearchAction\",\"target\":{\"@type\":\"EntryPoint\",\"urlTemplate\":\"https:\/\/mastbecrazy.de\/?s={search_term_string}\"},\"query-input\":\"required name=search_term_string\"}],\"inLanguage\":\"de\"}]}<\/script>\n<!-- \/ Yoast SEO plugin. -->","yoast_head_json":{"title":"\u00dcber uns - Mast be crazy","robots":{"index":"noindex","follow":"nofollow"},"og_locale":"de_DE","og_type":"article","og_title":"\u00dcber uns - Mast be crazy","og_description":"Mitten in der Corona-Krise beschlossen wir, unsere Wohnung zu k\u00fcndigen und unseren gesamten Haushalt aufzul\u00f6sen. Der Plan, nur mit Handgep\u00e4ck und unseren beiden Kindern die Welt zu entdecken hatten wir schon l\u00e4nger und wir waren nicht bereit ihn unter den Umst\u00e4nden aufzugeben.Seit Oktober 2020 sind wir nun mit unseren T\u00f6chtern &#8211; Monate und Jahre alt&hellip; Weiterlesen","og_url":"https:\/\/mastbecrazy.de\/?page_id=436","og_site_name":"Mast be crazy","article_modified_time":"2023-03-29T01:24:00+00:00","twitter_card":"summary_large_image","twitter_misc":{"Gesch\u00e4tzte Lesezeit":"1\u00a0Minute"},"schema":{"@context":"https:\/\/schema.org","@graph":[{"@type":"WebPage","@id":"https:\/\/mastbecrazy.de\/?page_id=436","url":"https:\/\/mastbecrazy.de\/?page_id=436","name":"\u00dcber uns - Mast be crazy","isPartOf":{"@id":"https:\/\/mastbecrazy.de\/#website"},"datePublished":"2021-03-04T18:39:17+00:00","dateModified":"2023-03-29T01:24:00+00:00","breadcrumb":{"@id":"https:\/\/mastbecrazy.de\/?page_id=436#breadcrumb"},"inLanguage":"de","potentialAction":[{"@type":"ReadAction","target":["https:\/\/mastbecrazy.de\/?page_id=436"]}]},{"@type":"BreadcrumbList","@id":"https:\/\/mastbecrazy.de\/?page_id=436#breadcrumb","itemListElement":[{"@type":"ListItem","position":1,"name":"Startseite","item":"https:\/\/mastbecrazy.de\/"},{"@type":"ListItem","position":2,"name":"\u00dcber uns"}]},{"@type":"WebSite","@id":"https:\/\/mastbecrazy.de\/#website","url":"https:\/\/mastbecrazy.de\/","name":"Mast be crazy","description":"","potentialAction":[{"@type":"SearchAction","target":{"@type":"EntryPoint","urlTemplate":"https:\/\/mastbecrazy.de\/?s={search_term_string}"},"query-input":"required name=search_term_string"}],"inLanguage":"de"}]}},"_links":{"self":[{"href":"https:\/\/mastbecrazy.de\/index.php?rest_route=\/wp\/v2\/pages\/436"}],"collection":[{"href":"https:\/\/mastbecrazy.de\/index.php?rest_route=\/wp\/v2\/pages"}],"about":[{"href":"https:\/\/mastbecrazy.de\/index.php?rest_route=\/wp\/v2\/types\/page"}],"author":[{"embeddable":true,"href":"https:\/\/mastbecrazy.de\/index.php?rest_route=\/wp\/v2\/users\/2"}],"replies":[{"embeddable":true,"href":"https:\/\/mastbecrazy.de\/index.php?rest_route=%2Fwp%2Fv2%2Fcomments&post=436"}],"version-history":[{"count":6,"href":"https:\/\/mastbecrazy.de\/index.php?rest_route=\/wp\/v2\/pages\/436\/revisions"}],"predecessor-version":[{"id":442,"href":"https:\/\/mastbecrazy.de\/index.php?rest_route=\/wp\/v2\/pages\/436\/revisions\/442"}],"wp:attachment":[{"href":"https:\/\/mastbecrazy.de\/index.php?rest_route=%2Fwp%2Fv2%2Fmedia&parent=436"}],"curies":[{"name":"wp","href":"https:\/\/api.w.org\/{rel}","templated":true}]}}